e f(-6).
-14
Let m(q) = -q**3 + 37*q**2 - 331*q - 92. Calculate m(17).
61
Let c(m) = -m**2 - 146*m - 5274. Determine c(-80).
6
Let p(o) = -o**3 + 6*o**2 - 154*o - 537. Determine p(-3).
6
Let r(w) = -9*w**3 - 9*w**2 + 21*w + 77. Determine r(-3).
176
Let a(m) = -78*m**2 + 237*m + 4. Calculate a(3).
13
Let q(r) = -29*r**2 - 381*r + 348. Determine q(-14).
-2
Let t(u) = -599*u - 3683. Calculate t(-6).
-89
Let w(h) = 19*h**2 + 8*h - 5. What is w(2)?
87
Let w(l) = 3*l**3 + 89*l**2 - 36*l - 21. Calculate w(-30).
159
Let s(x) = x**2 - 86*x + 1364. What is s(21)?
-1
Let f(o) = 2*o**3 - o**2 - o + 9. What is f(-2)?
-9
Let w(h) = -1064*h - 10655. Give w(-10).
-15
Let n(a) = -4096*a + 12282. What is n(3)?
-6
Let x(p) = 831*p - 6701. Calculate x(8).
-53
Let a(z) = 366*z - 9158. Give a(25).
-8
Let p(z) = -25*z - 1051. What is p(-27)?
-376
Let g(s) = -s**2 - 1838*s - 21909. Give g(-12).
3
Let w(m) = -4*m**3 - 2*m**2 - 14*m + 187. Determine w(0).
187
Let j(h) = -h**3 - 4*h**2 - 11*h - 199. Determine j(0).
-199
Let y(p) = -p**3 - 6*p**2 + 23*p - 9. Determine y(-9).
27
Let g(k) = -12*k + 65. Calculate g(13).
-91
Let r(s) = -2*s**3 + 74*s**2 - 72*s + 77. Give r(36).
77
Let n(y) = 3*y**2 + 258*y - 642. Calculate n(-90).
438
Let x(r) = -r**3 - 6*r**2 - 21*r - 82. Calculate x(-9).
350
Let m(w) = -77*w + 468. Calculate m(6).
6
Let w(b) = 2*b - 47. Give w(18).
-11
Let t(z) = -z**3 - 5*z**2 - 30*z - 116. What is t(-8)?
316
Let l(a) = 15*a**2 - 941*a - 1202. Determine l(64).
14
Let h(u) = -2*u**3 - 79*u**2 - 32*u + 279. Give h(-39).
6
Let c(z) = -z**2 + 178*z + 143. Determine c(0).
143
Let a(v) = -v**3 - 19*v**2 - 111*v + 6. Give a(-12).
330
Let w(v) = 82*v - 970. Calculate w(12).
14
Let q(w) = 30*w + 393. Give q(-13).
3
Let s(n) = 2*n**3 + n**2 + 756*n + 1514. Give s(-2).
-10
Let w(j) = 62*j - 743. What is w(16)?
249
Let a(j) = 87*j + 529. Give a(-9).
-254
Let v(w) = -305*w - 1509. Calculate v(-5).
16
Let y(f) = -1557*f - 29593. Calculate y(-19).
-10
Let i(k) = -k**2 + 27*k + 525. Give i(40).
5
Let s(f) = 1878*f + 11216. Determine s(-6).
-52
Let a(n) = -420*n + 22291. What is a(53)?
31
Let x(v) = -5085*v + 20297. Give x(4).
-43
Let d(b) = 99*b**2 + 30*b - 29. Calculate d(1).
100
Let y(p) = -p**2 + 142*p + 9125. Calculate y(190).
5
Let f(v) = -v**2 + 50*v - 435. Determine f(39).
-6
Let t(a) = 11*a + 737. Give t(-69).
-22
Let h(n) = -2*n - 126. Determine h(-48).
-30
Let b(h) = -16*h**2 + 26*h - 2. Calculate b(5).
-272
Let m(b) = 11*b - 286. Calculate m(10).
-176
Let a(c) = -136*c**2 - 537*c + 16. Calculate a(-4).
-12
Let g(a) = 57*a**2 - 223*a - 42. Calculate g(4).
-22
Let h(w) = w**2 - 13*w - 1486. Calculate h(-32).
-46
Let u(i) = -40*i - 1842. Determine u(-46).
-2
Let n(d) = d**3 - d**2 + 26*d + 78. What is n(-4)?
-106
Let m(a) = 5314*a + 53152. Calculate m(-10).
12
Let y(x) = 211*x - 1053. Give y(5).
2
Let m(l) = 2829*l + 107508. Determine m(-38).
6
Let s(u) = u**3 + 8*u**2 - 6*u - 44. Give s(-6).
64
Let z(x) = 23*x - 29. Calculate z(-4).
-121
Let i(u) = u**3 + 4*u**2 + 37*u + 224. What is i(-5)?
14
Let v(m) = -1084*m + 2176. What is v(2)?
8
Let s(j) = -j**2 - 32*j + 1827. Determine s(-61).
58
Let v(o) = -19*o - 111. Give v(-11).
98
Let y(k) = -18*k - 65. What is y(11)?
-263
Let s(y) = 43*y - 54. What is s(-5)?
-269
Let i(v) = v**2 + 446*v - 9127. Determine i(19).
-292
Let f(x) = x**3 + 7*x**2 - 88*x - 55. Give f(-13).
75
Let z(k) = 11*k**2 - 23*k - 15. Calculate z(4).
69
Let b(c) = c**3 + 16*c**2 - 50*c - 140. What is b(-19)?
-273
Let b(w) = 179*w - 4199. What is b(23)?
-82
Let a(u) = -129*u - 614. Determine a(-5).
31
Let h(v) = -4*v + 91. What is h(20)?
11
Let q(m) = -m**3 + 11*m**2 + 10*m - 26. Determine q(14).
-474
Let o(t) = t**3 + 36*t**2 - t - 46. Determine o(-36).
-10
Let i(y) = 3*y**3 + 46*y**2 + 7*y - 4. Calculate i(-16).
-628
Let d(p) = -2*p**3 + 13*p**2 - 17*p + 59. Give d(6).
-7
Let r(j) = -j**3 - 30*j**2 - 93*j - 165. What is r(-26)?
-451
Let u(q) = -q**3 - 15*q**2 - 4*q + 60. Calculate u(-14).
-80
Let k(a) = -2*a**3 - 7*a**2 - 14*a - 8. Give k(-6).
256
Let h(l) = -98*l - 176. Calculate h(4).
-568
Let i(u) = u**3 - 3*u**2 - 15*u + 14. Give i(6).
32
Let z(s) = 27*s**2 - 1043*s - 400. What is z(39)?
-10
Let c(w) = 127*w - 1322. Calculate c(6).
-560
Let l(m) = m**2 + 548*m - 4445. Calculate l(8).
3
Let b(z) = 174*z + 2612. Determine b(-15).
2
Let n(o) = -o**3 - 33*o**2 - 25*o + 1156. Give n(-31).
9
Let r(b) = 8*b**2 + 45*b - 436. Determine r(10).
814
Let n(w) = -6*w**3 - 58*w**2 + 22*w - 21. Give n(-10).
-41
Let z(s) = -12*s - 678. Determine z(-59).
30
Let b(i) = -105*i + 169. Calculate b(2).
-41
Let d(p) = -p**2 + 98*p - 1109. Give d(85).
-4
Let p(y) = -y**3 - 22*y**2 - 58*y + 14. Calculate p(-20).
374
Let n(a) = 20*a - 67. Determine n(-11).
-287
Let p(j) = j**3 - 46*j**2 + 87*j + 37. Determine p(44).
-7
Let n(v) = v**2 - 2926*v - 70801. Give n(-24).
-1
Let a(p) = -p**3 + 31*p**2 - 6*p + 61. What is a(31)?
-125
Let y(h) = -2*h**3 + 76*h**2 + 71*h + 303. Give y(39).
30
Let p(u) = 104*u**2 - 11*u - 8. Give p(-1).
107
Let f(j) = -697*j - 7685. Give f(-11).
-18
Let w(o) = o**2 - 179*o + 663. Give w(4).
-37
Let b(m) = -321*m**2 + 638*m - 5. Give b(2).
-13
Let n(u) = -5*u**3 - 43*u**2 - 102*u - 39. What is n(-4)?
1
Let w(p) = -5*p**2 - 317*p + 136. What is w(-64)?
-56
Let a(l) = 2*l**3 + 20*l**2 - 3*l - 14. Calculate a(-10).
16
Let m(o) = -o**3 + 26*o**2 - 7*o - 10. Give m(25).
440
Let m(u) = 19*u**2 - 140*u + 13. What is m(7)?
-36
Let d(c) = c**2 + 155*c + 2683. Give d(-20).
-17
Let c(v) = 24*v**2 + 418*v + 131. Calculate c(-17).
-39
Let j(n) = -n**2 - 589*n - 56619. What is j(-121)?
9
Let n(l) = -11*l + 342. Give n(14).
188
Let p(r) = 6*r**3 - 56*r**2 + 24*r - 39. What is p(9)?
15
Let w(m) = -3*m**3 - 13*m**2 - 30*m - 4. Calculate w(-2).
28
Let c(p) = 14*p**2 + 5*p. What is c(-3)?
111
Let c(l) = l**3 - 11*l**2 + 30*l - 45. Give c(6).
-45
Let h(q) = 16*q**2 - 93*q - 15. What is h(6)?
3
Let u(s) = -s**2 + 49*s + 49. Give u(50).
-1
Let z(h) = -h**2 + 16*h + 36. What is z(-10)?
-224
Let b(f) = 4*f**2 + 184*f - 1159. Calculate b(-52).
89
Let y(j) = 2*j**3 + 77*j**2 + 113*j + 84. Determine y(-37).
10
Let j(o) = o**3 - 10*o**2 - 3*o + 101. Give j(9).
-7
Let i(l) = 2*l**2 + 125*l + 529. Calculate i(-58).
7
Let u(o) = 107*o + 673. What is u(-7)?
-76
Let x(p) = 8*p**2 + 426*p - 317. Calculate x(-54).
7
Let b(z) = 2652*z**2 + 39779*z - 11. What is b(-15)?
4
Let z(u) = -68*u + 271. What is z(5)?
-69
Let m(c) = c**2 + 4*c + 8. Determine m(-8).
40
Let x(l) = l - 34. Give x(6).
-28
Let g(j) = -j**3 + 20*j**2 - 31*j + 71. Determine g(11).
819
Let w(q) = 5*q**3 + 5*q**2 - 45*q + 40. Calculate w(1).
5
Let y(x) = -2*x**2 - 7*x + 275. Calculate y(12).
-97
Let n(s) = 60*s + 3001. What is n(-50)?
1
Let q(m) = -m**2 - 56*m - 739. Determine q(-35).
-4
Let z(n) = 4*n**3 - 78*n**2 - 138*n + 258. Calculate z(21).
6
Let a(p) = 3*p**3 + 2*p**2 - 64*p - 171. Determine a(-3).
-42
Let y(d) = 95*d + 568. What is y(-6)?
-2
Let l(d) = -2*d**3 + d**2 + 4*d - 8. Determine l(1).
-5
Let i(w) = w**3 - 20*w**2 + 16*w + 8. Give i(19).
-49
Let f(s) = s**3 - 22*s**2 + 102*s - 104. Determine f(16).
-8
Let z(u) = -3*u**2 + 19*u + 206. Determine z(-6).
-16
Let v(s) = -15*s**3 + 70*s**2 + 21*s - 2. Give v(5).
-22
Let l(i) = i**3 - 138*i**2 - 1015*i + 6. Determine l(-7).
6
Let g(z) = 2*z**2 + 70*z - 641. What is g(-43)?
47
Let y(n) = -4*n**3 - 18*n**2 + 18*n + 34. Determine y(-5).
-6
Let h(z) = -z**2 - 142*z - 4026. Calculate h(-39).
-9
Let b(x) = -3*x**3 - 2*x**2 + 17*x - 26. Give b(2).
-24
Let k(m) = -4*m**3 - 45*m**2 - 14*m + 7. Calculate k(-11).
40
Let q(k) = k**2 + 2*k - 81. Give q(-27).
594
Let k(j) = j**2 - 87*j + 1845. Calculate k(50).
-5
Let o(q) = 10*q**2 + 6*q + 3. What is o(-2)?
31
Let g(r) = -837*r + 3344. Calculate g(4).
-4
Let h(x) = 5749*x + 57496. Give h(-10).
6
Let g(z) = z**2 + 7*z + 19. Determine g(0).
19
Let x(q) = 6*q**2 - 186*q + 521. Give x(28).
17
Let a(g) = 71*g**2 - 1630*g - 55. Determine a(23).
14
Let r(p) = p**3 - 8*p**2 - 17*p + 130. Give r(8).
-6
Let q(r) = -5*r**2 - 1621*r + 3242. Give q(2).
-20
Let p(b) = -752*b - 7476. What is p(-10)?
44
Let g(f) = 4*f**3 - 142*f**2 + 70*f + 9. Calculate g(35).
9
Let s(o) = -907*o + 64362. What is s(71)?
-35
Let p(l) = 2*l**3 + 9*l - 57